ommon factor of 187795 and 320.
5
What is the highest common factor of 6783300 and 5850?
450
What is the greatest common factor of 4304 and 48090744?
2152
Calculate the greatest common factor of 104 and 263397108.
52
Calculate the greatest common divisor of 39471676 and 12964.
1852
Calculate the highest common factor of 1561797 and 44523.
873
Calculate the highest common divisor of 4246320 and 3180.
60
Calculate the highest common factor of 8802022 and 29.
29
Calculate the highest common divisor of 2481444 and 35.
7
Calculate the highest common divisor of 1041 and 153672420.
1041
Calculate the highest common factor of 272646 and 129438.
2754
Calculate the highest common factor of 6131766 and 36.
6
What is the highest common divisor of 305987668 and 56?
28
Calculate the greatest common factor of 71 and 11530471.
71
Calculate the greatest common factor of 1320 and 5146845.
165
What is the greatest common divisor of 2742042 and 19386?
2154
What is the highest common divisor of 1796011 and 306393?
2491
What is the greatest common factor of 325868 and 45756?
164
What is the greatest common factor of 69314 and 3976?
14
What is the highest common divisor of 6485433 and 6?
3
What is the greatest common divisor of 22496669 and 16120?
403
Calculate the highest common factor of 83005718 and 608.
38
What is the highest common divisor of 5842473 and 231?
21
Calculate the greatest common factor of 5907 and 72949481.
1969
What is the greatest common factor of 23547 and 1149009?
141
Calculate the highest common divisor of 2077212 and 2667.
381
What is the greatest common factor of 128 and 2063185792?
128
What is the highest common divisor of 304 and 7063782?
38
What is the greatest common divisor of 170 and 3292670?
10
What is the greatest common factor of 82000 and 62000?
2000
Calculate the greatest common factor of 17 and 191456907.
17
What is the highest common factor of 230 and 12501305?
115
Calculate the highest common divisor of 75952 and 285224.
808
Calculate the highest common divisor of 286391 and 51345.
1141
Calculate the highest common divisor of 98623 and 75628.
511
What is the greatest common divisor of 991023471 and 17268?
4317
Calculate the highest common factor of 721865 and 488815.
295
What is the highest common factor of 84 and 5154646644?
84
What is the greatest common divisor of 2292 and 406620?
12
What is the greatest common divisor of 89050946 and 482?
482
Calculate the greatest common factor of 14141 and 148520.
79
Calculate the highest common divisor of 75996 and 82461993.
6333
What is the greatest common divisor of 470433 and 16617?
573
What is the highest common divisor of 9186 and 217728?
6
Calculate the greatest common factor of 9005187 and 3624.
453
Calculate the greatest common factor of 4636 and 531920.
244
What is the greatest common divisor of 172324605 and 3930?
1965
What is the greatest common divisor of 3476 and 1285567?
79
What is the highest common factor of 99123814 and 2649?
883
What is the greatest common divisor of 281894 and 170?
34
What is the greatest common factor of 110 and 2226266680?
110
What is the highest common divisor of 58 and 434596?
2
Calculate the greatest common divisor of 716979 and 59271.
69
What is the greatest common divisor of 20123980 and 218420?
3260
What is the highest common factor of 3936 and 43724040?
984
What is the greatest common divisor of 191573 and 32279?
191
What is the greatest common factor of 138548696 and 550?
22
What is the highest common factor of 104 and 3746197?
13
Calculate the greatest common divisor of 79434390 and 41160.
1470
What is the highest common factor of 578 and 81638233?
17
What is the highest common divisor of 45425598 and 1173?
1173
What is the highest common factor of 57 and 1785942?
3
Calculate the highest common factor of 2924 and 80095670.
1462
Calculate the highest common divisor of 6467 and 223.
223
What is the greatest common factor of 13095 and 198585?
135
Calculate the highest common factor of 55226 and 452461.
53
Calculate the greatest common factor of 2821 and 5781097.
217
What is the greatest common divisor of 6548245 and 11?
11
What is the greatest common divisor of 10991528 and 723?
241
What is the highest common factor of 41187325 and 1490?
745
Calculate the greatest common divisor of 2084069 and 13.
13
Calculate the greatest common divisor of 16518474 and 121086.
3906
Calculate the greatest common divisor of 282641 and 459314.
179
Calculate the greatest common factor of 296990 and 13770.
170
Calculate the highest common factor of 175 and 162365.
35
What is the greatest common divisor of 82431 and 57297?
213
What is the greatest common divisor of 890815 and 323?
19
What is the greatest common factor of 2278 and 432150?
134
What is the greatest common divisor of 1404 and 6751914?
78
Calculate the greatest common divisor of 12388488 and 27972.
3108
Calculate the greatest common factor of 3013132 and 592.
148
Calculate the greatest common divisor of 57607380 and 40.
20
What is the highest common factor of 1108 and 1835956?
1108
Calculate the greatest common divisor of 21 and 89536839.
21
Calculate the highest common divisor of 2029542 and 2300292.
2166
What is the highest common factor of 1495 and 552115?
115
What is the greatest common factor of 46037858 and 13906?
818
Calculate the greatest common factor of 14534 and 19377950.
86
Calculate the highest common divisor of 3504 and 71001552.
3504
What is the greatest common divisor of 456 and 13288372?
76
Calculate the greatest common factor of 495 and 76075571.
11
What is the greatest common factor of 1053404 and 736208?
3916
What is the greatest common factor of 52758162 and 648?
54
What is the highest common factor of 280200170 and 1854?
206
What is the highest common factor of 23323030 and 50?
10
Calculate the highest common divisor of 39144 and 414939.
21
What is the greatest common factor of 325983 and 4032?
21
Calculate the highest common divisor of 1187014293 and 6453.
2151
What is the greatest common divisor of 1154 and 44071837?
577
Calculate the highest common divisor of 33934875 and 750.
375
What is the highest common divisor of 17589 and 21315162?
1353
What is the highest common divisor of 135927530 and 1832?
458
What is the highest common divisor of 15914 and 2760860?
146
What is the greatest common divisor of 9233473 and 666377?
2129
What is the highest common factor of 57297201 and 7215?
1443
What is the greatest common divisor of 5562722299 and 131?
131
What is the greatest common divisor of 16697933 and 217?
217
What is the highest common factor of 110542316 and 4821?
1607
Calculate the highest common divisor of 348157992 and 322.
322
What is the greatest common factor of 24 and 280866?
6
What is the greatest common factor of 432742726 and 13672?
3418
Calculate the greatest common factor of 4395 and 34935.
15
Calculate the highest common divisor of 18186800 and 209.
19
What is the highest common factor of 3148904 and 405592?
968
What is the greatest common factor of 166490844 and 20748?
2964
What is the highest common divisor of 1185 and 74013915?
1185
Calculate the highest common factor of 5616 and 25162488.
2808
Calculate the greatest common divisor of 5968 and 35106014.
746
What is the highest common factor of 109092335 and 6325?
1265
Calculate the highest common divisor of 687940 and 399355.
2915
Calculate the greatest common factor of 140869981 and 7.
7
What is the greatest common divisor of 2075288497 and 821?
821
What is the highest common factor of 533023 and 2165?
433
Calculate the greatest common factor of 560 and 247930000.
80
What is the highest common divisor of 49 and 57347787?
49
What is the greatest common divisor of 16623285 and 8680?
1085
What is the greatest common factor of 2664 and 1803949578?
666
What is the highest common divisor of 160038 and 9759870?
306
Calculate the greatest common factor of 8996623 and 71.
71
What is the greatest common factor of 427333826 and 57?
19
What is the highest common factor of 35853675 and 46475?
3575
What is the greatest common divisor of 25434500 and 127750?
1750
What is the highest common divisor of 15471 and 5928831?
1719
What is the highest common factor of 825700489 and 5457?
1819
Calculate the greatest common divisor o